4?
2, 3, 55244107
List the prime factors of 696543775.
5, 3617, 7703
What are the prime factors of 1984398142?
2, 43, 23074397
What are the prime factors of 2488490767?
7, 355498681
What are the prime factors of 118921978?
2, 7, 89, 95443
List the prime factors of 3345075656.
2, 13, 23, 349, 4007
List the prime factors of 1118123838.
2, 3, 13, 241, 2203
What are the prime factors of 39112699?
17, 2300747
What are the prime factors of 159117044?
2, 1877, 21193
List the prime factors of 594802152.
2, 3, 7, 757, 1559
List the prime factors of 47795369.
59, 810091
What are the prime factors of 126835691?
17, 2549, 2927
What are the prime factors of 34705762?
2, 7, 13, 41, 4651
List the prime factors of 924443242.
2, 3011, 153511
What are the prime factors of 30038730?
2, 3, 5, 1001291
List the prime factors of 231684983.
877, 264179
What are the prime factors of 55277591?
17, 107, 30389
List the prime factors of 5312202.
2, 3, 7, 126481
What are the prime factors of 22735828?
2, 5683957
List the prime factors of 194259404.
2, 1531, 31721
What are the prime factors of 2669840587?
2669840587
List the prime factors of 1323242157.
3, 263, 1677113
What are the prime factors of 826391449?
13, 23, 41, 67411
What are the prime factors of 247566810?
2, 3, 5, 8252227
List the prime factors of 34933957.
37, 944161
List the prime factors of 237570640.
2, 5, 587, 5059
What are the prime factors of 2055194481?
3, 17, 3221, 12511
List the prime factors of 1024278192.
2, 3, 7, 31, 32779
What are the prime factors of 74500630?
2, 5, 17, 101, 4339
What are the prime factors of 1742227925?
5, 29, 53, 45341
What are the prime factors of 1158047?
11, 105277
What are the prime factors of 12985003?
12985003
List the prime factors of 885577645.
5, 177115529
What are the prime factors of 129990899?
7951, 16349
List the prime factors of 2004518726.
2, 7, 143179909
List the prime factors of 117902315.
5, 19, 1241077
What are the prime factors of 1428982533?
3, 11, 19, 23021
List the prime factors of 1004654017.
137, 853, 8597
List the prime factors of 307683365.
5, 11, 211, 26513
What are the prime factors of 870234966?
2, 3, 48346387
What are the prime factors of 443769530?
2, 5, 17, 53, 49253
What are the prime factors of 73277125?
5, 257, 2281
List the prime factors of 2269580749.
9929, 228581
What are the prime factors of 27134427?
3, 1069, 8461
List the prime factors of 408985955.
5, 7, 139, 84067
List the prime factors of 58794277.
58794277
What are the prime factors of 2074822?
2, 1037411
List the prime factors of 43675478.
2, 7, 11, 283607
What are the prime factors of 1418260951?
1231, 1152121
List the prime factors of 937348004.
2, 1217, 192553
List the prime factors of 1014010.
2, 5, 31, 3271
List the prime factors of 1923309622.
2, 13, 73973447
What are the prime factors of 754394390?
2, 5, 75439439
What are the prime factors of 328685165?
5, 59, 577, 1931
What are the prime factors of 3764413824?
2, 3, 31, 101
List the prime factors of 12751053.
3, 7, 47, 12919
List the prime factors of 340555443.
3, 149, 761869
What are the prime factors of 445419863?
7, 23, 2766583
List the prime factors of 63199283.
7, 97, 93077
List the prime factors of 547599370.
2, 5, 54759937
What are the prime factors of 2311182?
2, 3, 128399
What are the prime factors of 2655502190?
2, 5, 11, 251, 96179
What are the prime factors of 56077874?
2, 28038937
List the prime factors of 4077057375.
3, 5, 1208017
List the prime factors of 111369344.
2, 59, 14747
What are the prime factors of 150855123?
3, 67, 463, 1621
What are the prime factors of 34254911?
1151, 29761
What are the prime factors of 1806768622?
2, 53, 347, 49121
List the prime factors of 14021215.
5, 13, 109, 1979
List the prime factors of 98417273.
1531, 64283
What are the prime factors of 9729134?
2, 17, 61, 4691
What are the prime factors of 379902437?
379902437
What are the prime factors of 70216169?
70216169
List the prime factors of 518362318.
2, 59, 257, 17093
List the prime factors of 609243617.
59, 10326163
What are the prime factors of 46387454?
2, 43, 539389
List the prime factors of 16762793.
16762793
What are the prime factors of 516858968?
2, 43, 53, 28349
List the prime factors of 41214530.
2, 5, 7, 588779
List the prime factors of 2517735000.
2, 3, 5, 11, 15259
List the prime factors of 39180910.
2, 5, 61, 64231
What are the prime factors of 364253789?
37, 53, 185749
What are the prime factors of 112464971?
19, 1409, 4201
List the prime factors of 1070357316.
2, 3, 7, 41, 310789
What are the prime factors of 417019911?
3, 7, 11, 17, 103, 1031
List the prime factors of 1291917771.
3, 17, 53, 159319
List the prime factors of 307821138.
2, 3, 29, 53, 1151
List the prime factors of 41147231.
41, 47, 131, 163
What are the prime factors of 474492512?
2, 13, 87739
What are the prime factors of 159184980?
2, 3, 5, 294787
List the prime factors of 5554485561.
3, 71, 223, 337, 347
List the prime factors of 3769230001.
47, 80196383
What are the prime factors of 1768242848?
2, 55257589
List the prime factors of 340973217.
3, 13, 224177
List the prime factors of 300160836.
2, 3, 41, 53, 1279
List the prime factors of 4095169388.
2, 17321, 59107
What are the prime factors of 157309389?
3, 2027, 8623
What are the prime factors of 28564652?
2, 29, 246247
List the prime factors of 3400613218.
2, 419, 4058011
List the prime factors of 59923096.
2, 17, 23, 19157
What are the prime factors of 207984462?
2, 3, 7, 29, 170759
List the prime factors of 1853978553.
3, 7, 83, 50651
List the prime factors of 823070164.
2, 7, 17, 83, 251
What are the prime factors of 1775309225?
5, 41, 107, 16187
List the prime factors of 2688674646.
2, 3, 7, 3511, 18233
What are the prime factors of 213518018?
2, 7, 31, 491977
List the prime factors of 90478670.
2, 5, 379, 23873
List the prime factors of 2359372062.
2, 3, 23, 53, 322583
What are the prime factors of 103632637?
103632637
List the prime factors of 38062321.
11, 53, 65287
List the prime factors of 1295144740.
2, 5, 64757237
What are the prime factors of 3301191?
3, 349, 1051
List the prime factors of 1492786577.
1492786577
List the prime factors of 682620114.
2, 3, 11, 1543, 6703
List the prime factors of 110799518.
2, 31, 1787089
List the prime factors of 39243999.
3, 13081333
What are the prime factors of 18391982?
2, 7, 71, 18503
What are the prime factors of 1213434860?
2, 5, 11, 31, 181, 983
List the prime factors of 38859697.
229, 169693
What are the prime factors of 73901604?
2, 3, 7, 125683
List the prime factors of 1498352523.
3, 499450841
List the prime factors of 118788951.
3, 23, 1721579
What are the prime factors of 172396160?
2, 5, 97, 2777
What are the prime factors of 4748709686?
2, 7, 339193549
What are the prime factors of 1019517004?
2, 11, 149, 155509
What are the prime factors of 65617752?
2, 3, 1283, 2131
What are the prime factors of 4518272878?
2, 7, 31, 137, 75991
What are the prime factors of 726506037?
3, 23, 109, 10733
List the prime factors of 1718187740.
2, 5, 85909387
List the prime factors of 48443568.
2, 3, 977, 1033
What are the prime factors of 211512716?
2, 52878179
What are the prime factors of 994071016?
2, 241, 515597
What are the prime factors of 100729123?
11, 73, 125441
List the prime factors of 98254496.
2, 73, 42061
List the prime factors of 189563889.
3, 17, 881, 4219
List the prime factors of 3209735267.
3209735267
What are the prime factors of 1265781778?
2, 632890889
List the prime factors of 87015320.
2, 5, 7, 127, 2447
What are the prime factors of 86895836?
2, 21723959
What are the prime factors of 3707831?
19, 10271
What are the prime factors of 1213307713?
29, 41838197
List the prime factors of 58354535.
5, 79, 241, 613
What are the prime factors of 2267779340?
2, 5, 8171, 13877
List the prime factors of 107614698.
2, 3, 53, 338411
List the prime factors of 614594876.
2, 7, 2969, 7393
What are the prime factors of 32669898?
2, 3, 2087, 2609
What are the prime factors of 44949425?
5, 839, 2143
List the prime factors of 3949807859.
29, 136200271
List the prime factors of 1075594192.
2, 89, 755333
What are the prime factors of 4337964?
2, 3, 41, 2939
What are the prime factors of 101290072?
2, 13, 101, 9643
What are the prime factors of